mainder when g is divided by 154?
123
Suppose -z + 3*w - 14 = -3*z, -2*z = -w - 22. Let l = z + -18. What is the remainder when -9*5/(20/l) is divided by 7?
4
Suppose 0 = -i - 0*i + 219. Let n = -139 + i. What is the remainder when n is divided by 21?
17
Suppose -49 = 5*o - 164. What is the remainder when -5 + 3/(-12)*-188 is divided by o?
19
Suppose 12*a - 352 = a. Calculate the remainder when 139 is divided by a.
11
Suppose b + 35 = 106. Calculate the remainder when b is divided by 38.
33
What is the remainder when 57361/171 - (-4)/(-9) is divided by 28?
27
Suppose -153 = 7*k - 16*k. What is the remainder when 30 is divided by k?
13
Let t = 824 + -772. What is the remainder when t is divided by 28?
24
Suppose 0 = -5*v + 10, 0 = 4*w - v - 1210 + 68. Calculate the remainder when w is divided by 16.
14
Let v = -83 + 110. Let o = 89 + -37. What is the remainder when o is divided by v?
25
What is the remainder when 87 is divided by 3100/175 - 7/(147/(-6))?
15
Let v(j) = 6*j + 42. Let a be v(-9). Calculate the remainder when 137 is divided by ((-69)/a - -6)/((-2)/(-8)).
43
Suppose 16*l - 2818 = -402. What is the remainder when l is divided by 8?
7
Let h be (6 + -9)*(-2)/(-6). Let x be h/2 - 15/(-6). Suppose 0 = 3*g - 0*g - x*c + 7, -4*g + 29 = 5*c. Calculate the remainder when 1 is divided by g.
0
Suppose -2*w - 3*w = 10. What is the remainder when 123 is divided by 2/(-2) + (w - -28)?
23
Let a(p) = -p**2 - 12*p - 16. Let y be a(-10). Suppose 17 = y*b - 39. Suppose 5*f - 15 = 0, -2*g + 2 + 4 = -4*f. What is the remainder when b is divided by g?
5
Let o(z) = 2*z**2 + 4*z - 1. Let l = 988 - 875. What is the remainder when l is divided by o(3)?
26
Suppose 4*z + 2*z + 24 = 0. Calculate the remainder when 37 is divided by (-39)/6*8/z.
11
Suppose -552 = 4*r - 644. Suppose -5*q + 87 = 7. What is the remainder when r is divided by q?
7
Suppose -d - 481 + 525 = 0. What is the remainder when 150 is divided by d?
18
Let d(l) = l**2 + 4*l - 8. What is the remainder when (-16)/3*(0 - 150/8) is divided by d(-7)?
9
Let s(q) = q**2 - 18*q - 3. What is the remainder when 190 is divided by s(19)?
14
Suppose -14 = -2*n + 2. Calculate the remainder when 744/20 + n/10 is divided by 8.
6
Let b(t) = -t**2 - 23*t + 2. What is the remainder when 172 is divided by b(-21)?
40
Suppose -3*v - 12 = 15. Let g = 56 - v. What is the remainder when g is divided by 11?
10
Let f = -7 - -16. Let s be (-1 - -2)/((18/(-8))/(-9)). Suppose -s*w = -f*w + 20. Calculate the remainder when w is divided by 3.
1
Let p = -108 - -211. What is the remainder when p is divided by 28?
19
Suppose 98*n = 105*n - 35. Calculate the remainder when 24 is divided by n.
4
Let c = -64 + 89. What is the remainder when 75 is divided by c?
0
Let l(u) = -2*u + 4 - u**3 + 1 + 4 - 2*u + 8*u**2. Let z(x) = x**3 - 5*x**2 - 4*x - 1. Calculate the remainder when l(7) is divided by z(6).
8
Let r = -376 - -541. What is the remainder when r is divided by 37?
17
Let z(m) = -m**2 + m + 4. Let i be z(0). Suppose -k = 4*k - 2*v - 18, -5*k - i*v = 6. Suppose 0 = q - 7 + k. What is the remainder when 11 is divided by q?
1
Suppose -35*r = -159*r + 176824. Calculate the remainder when r is divided by 102.
100
Let w = 223 + 25. Let t = w + -161. Calculate the remainder when t is divided by 15.
12
Let b(a) = 39*a**2 + 2*a + 95. What is the remainder when b(-4) is divided by 21?
18
Calculate the remainder when (2/(-8))/(((-195)/20488)/15) is divided by 44.
42
Suppose 4*b = w - 68, 3*w = 8*w - 4*b - 292. Let k(y) = y**3 - 4*y**2 - 2*y + 4. What is the remainder when w is divided by k(5)?
18
Let r(g) = -g**2 - g + 7. Let h be r(-3). Suppose q = -h + 21. What is the remainder when 77 is divided by q?
17
Let q be 13/((-364)/(-240))*7. Suppose -87*t + 82*t = -q. What is the remainder when 16 is divided by t?
4
Calculate the remainder when ((-13)/(-39))/(4/6792) is divided by 15.
11
Let g be 8/2 + (8 - -45). Let o = -29 + g. What is the remainder when o is divided by 10?
8
Let d = -253 + 280. Calculate the remainder when 91 is divided by d.
10
Let z(t) = 34*t + 83. What is the remainder when (-4)/18 - 742/(-18) is divided by z(-2)?
11
What is the remainder when (2 + -2 + -33)*-1 is divided by 9?
6
Suppose 0 = 2*r - 5*m - 10, 5*r - 4*m + 4 = 12. Suppose -2*v - c = -7*v + 8, -3*v + 5*c - 4 = r. What is the remainder when 13 is divided by v?
1
Let d = -152 - -161. Calculate the remainder when 98 is divided by d.
8
Let n = 2679 - 2560. What is the remainder when 129 is divided by n?
10
Let k be -2*18/4*1 - -2. Let o(a) = a**3 + 8*a**2 + 8*a + 14. Calculate the remainder when 13 is divided by o(k).
6
Suppose s - 3*s = 4*c - 8, -5*c - 4 = -s. Suppose 4*m = 5*j + 56, -3 + c = m + 3*j. What is the remainder when 12 is divided by m?
3
Let u(w) = 4*w - 4. Let i = 370 - 363. What is the remainder when u(7) is divided by i?
3
Let s be (-207)/(-12) - (4 - (-19)/(-4)). Let h be (-65)/4 + 2/8. Let n = h + s. Calculate the remainder when 4 is divided by n.
0
Let a be 2*(2 - 0) + 23. Let i = a - 24. Calculate the remainder when 7 is divided by i.
1
Suppose -z + 36 = -5. Let q(i) = -2*i**3 + 4*i**2 - 3*i + 2. Let f be q(2). Calculate the remainder when z is divided by 22/(8/f - -4).
8
Suppose -3*t + 18*t - 2985 = 0. Suppose t = 5*k - 131. What is the remainder when k is divided by 27?
12
Suppose k - 39 = -4*m, 0 = -5*k - 2*m + 28 + 203. Calculate the remainder when k is divided by 8.
7
Suppose 80*r - 4562 - 15438 = 0. Calculate the remainder when r is divided by 53.
38
Suppose z - 79 = w, 0*z + 3*z + 3*w - 219 = 0. Calculate the remainder when z is divided by 26.
24
Let a(d) = d**3 + 3*d**2 + d + 13. What is the remainder when 56 is divided by a(-3)?
6
Suppose 82 + 446 = 12*c. Calculate the remainder when c is divided by 25.
19
Let m(b) = b**2 + 55*b + 1739. What is the remainder when m(0) is divided by 145?
144
Let z(t) = -t**3 - 8*t**2 + 10*t + 13. Suppose 0 = -2*q - 8 - 0. Let u(r) = r**2 + 8*r + 7. Let h be u(q). Calculate the remainder when 9 is divided by z(h).
1
Let x = 392 + -378. What is the remainder when 1411 is divided by x?
11
Let l(s) = 2*s**2 + 40*s + 147. What is the remainder when l(-4) is divided by 13?
6
Suppose 4*i + 10*l - 752 = 5*l, 0 = 5*l. Let a = i + -114. What is the remainder when a is divided by 25?
24
Let n be -22 + (1 - 2 - -1). Let d = 60 + n. Calculate the remainder when d is divided by 8.
6
Suppose -3*j - 30 = -3*y, y - 30 = 5*j - 0*y. Calculate the remainder when (-169 - (-2 - 1))/(j + 3) is divided by 29.
25
Let b(p) = -353*p**3 - 3*p**2 - 12*p - 8. Calculate the remainder when b(-1) is divided by 7.
4
Suppose o = -2 + 4. Suppose -p = -o*p. Suppose s - 25 - 9 = p. Calculate the remainder when s is divided by 12.
10
Calculate the remainder when (-6)/(-4)*-381*2/(-9) is divided by 8.
7
Suppose -7*a + 422 + 68 = 0. Suppose a = 5*b + 5. Calculate the remainder when 113 is divided by b.
9
Let v = 27 + 8. What is the remainder when (-220)/v*7/(-2) is divided by 8?
6
Let m(x) = -3*x**2 - 32*x. What is the remainder when m(-10) is divided by 11?
9
Let p = 305 + -279. Calculate the remainder when 70 is divided by p.
18
Let z(c) = 5*c. Let k be 5 - -4 - 1*-1. Suppose -k*d = -5*d - 25. What is the remainder when 49 is divided by z(d)?
24
Suppose o = 4*i - 6*i + 95, -4*o + 65 = i. Calculate the remainder when 50 is divided by i.
5
Suppose l + 2 = -2. Let z = l + 9. Suppose -k + z*t = -6*k + 150, -k + t = -40. What is the remainder when k is divided by 18?
17
Let f(o) = -2*o + 39. What is the remainder when 46 is divided by f(4)?
15
Let s = -22 + 36. Suppose 5 = -5*m + 30. Suppose -175 + 450 = m*n. Calculate the remainder when n is divided by s.
13
Suppose 2 = -3*r + h + 6, -5*r - 2*h = -14. Suppose 3*g = r*g - z + 54, -3*z + 56 = g. Calculate the remainder when g is divided by 8.
5
Let n be (-459)/(-135) + 0 + 3/5. Suppose -n*r + 95 = 35. What is the remainder when 21 is divided by r?
6
Let h(x) = 7*x - 58. Let d be h(10). Suppose -d = 48*q - 49*q. Let s(p) = 4*p**3 - 5*p**2 + 3*p - 3. What is the remainder when s(3) is divided by q?
9
Let y(u) = -u - 7. Let j(r) = 8. Let h(f) = -3*j(f) - 2*y(f). Let m be h(-5). Calculate the remainder when 1 + -3 - 1*m is divided by 10.
8
Suppose -27*k = 6*k - 3234. Suppose z + 4*w - 13 = 0, 0